 s = 1668 + -1668. Suppose s = -5*f - t*u - u + 1431, 4*u = -f + 276. What are the prime factors of f?
2, 3
Let n(i) = 3*i**3 - 5*i**2 + 10*i + 18. Let q be n(6). Let b = q - 188. List the prime factors of b.
2, 179
What are the prime factors of 10681 - (78/(-12) - (45/(-10) - -3))?
2, 3, 13, 137
Suppose 3*c + 24 = -94*f + 93*f, -c - 2*f - 13 = 0. What are the prime factors of (1037 - (9 + c)) + 5?
2, 5, 13
Suppose 3*p - 1102 = -2*g, 15*g - 14*g = -5*p + 551. Suppose -g = -c - 317. List the prime factors of c.
2, 3, 13
Suppose p - 5*x - 36662 = -8576, -3*p + 84178 = -5*x. What are the prime factors of p?
2, 37, 379
Let n be (-2*1 - -6) + (-46)/23. Suppose -n*x = -353 - 101. List the prime factors of x.
227
Let b(t) = 31*t**2 - 79*t + 62. List the prime factors of b(13).
2, 2137
Let z = 256 - 193. Suppose -z*v - 354 = -66*v. What are the prime factors of v?
2, 59
Suppose -p + 6 = -2*a, 0 = 81*p - 80*p + 3*a - 11. List the prime factors of (-177)/472 - (-5771)/p.
7, 103
Let l = -86 - 89. Let o = l - -408. Suppose -o + 83 = -3*r. What are the prime factors of r?
2, 5
List the prime factors of 14 + -28 + 14 - -3727.
3727
Let z(i) be the first derivative of -2*i**3/3 - 21*i**2/2 - 13*i + 10. Let h be z(-10). List the prime factors of (2/6)/(h/(-1314)).
2, 73
What are the prime factors of 5657330/245 + (22/42 - (-18)/(-27))?
3, 43, 179
Let h(z) = -3*z + 40. Let o be h(12). Let v be 1/(o/(1580/(-5))). Let w = -54 - v. What are the prime factors of w?
5
Let m(o) = -14*o + 82. Let z be m(6). What are the prime factors of (6 - z)*1577/38?
2, 83
Suppose 905 = 4*x - 1611. Let w = -289 + x. What are the prime factors of w?
2, 5, 17
Let t(u) = 4*u - 33. Let i be t(9). Suppose -i*f = -30 + 12. Suppose -4*g = -182 + f. List the prime factors of g.
2, 11
Suppose 53*k + 1486734 = 164*k. List the prime factors of k.
2, 37, 181
Let v(q) = 178*q**2 - 34*q + 59. What are the prime factors of v(2)?
19, 37
Suppose 2*y = -v - 5, -4*v - 4*y + 6*y = -20. Suppose -g + 3 - 5 = 0, v*g - 994 = -4*t. List the prime factors of t.
2, 5
Suppose b = 3, -6*m + 7*m + b - 1791 = 0. Suppose -m = -5*g - 678. List the prime factors of g.
2, 3, 37
Suppose -3*w + 867 = -3*z, 4*w - 1160 + 39 = -3*z. Suppose -4*v - w = -0*n - n, 3*v = 2*n - 583. List the prime factors of n.
2, 37
Let f be 0/(5*(-2)/(-10)*-2). List the prime factors of 19 + -13 - (f - 379).
5, 7, 11
Let a(u) = -62*u**3 - 2*u**2 - 12*u + 2. List the prime factors of a(-4).
2, 1993
Let w(h) = h + 26. Let m be w(-9). Suppose -m = -6*q + 1. Suppose -q*v = -36 - 348. List the prime factors of v.
2
What are the prime factors of (-768987)/(-81) + (-44)/12?
2, 5, 13, 73
Suppose 6*s = 8*s - 74. Suppose -h - b + s = -257, 4*h + b = 1185. List the prime factors of h.
3, 11
Let v(o) = 3073*o. List the prime factors of v(2).
2, 7, 439
Suppose -7*h = 3*g - 184180, 4*g - 122668 = -4*h - 17420. What are the prime factors of h?
83, 317
Suppose 20 = 4*s - 4*d, -3*s + d = -0 - 9. Let y be 4*(3 + (-543)/(-12)). Suppose 3*c - z - y = 0, -z - 126 = -s*c - 3*z. List the prime factors of c.
2
Let v = -15107 - -27323. List the prime factors of v.
2, 3, 509
Let m(u) be the second derivative of 47*u**4/4 + 47*u**3/6 - u**2 + 2*u - 75. List the prime factors of m(3).
2, 11
Let n(w) = w**3 - 21*w**2 + 26*w - 6. Let z be n(21). Suppose z - 5076 = -8*d. List the prime factors of d.
3, 7
What are the prime factors of (567/(-6) + -6)*(-19)/(342/6288)?
2, 67, 131
Let u(c) = -c**2 + 4*c. Let p be u(3). List the prime factors of p/(3 + 1352/(-452)).
3, 113
Suppose 0 = p - 8 + 2. Let o be 2/p + (-52)/(-6). What are the prime factors of o/(-2)*(-26 + -6)?
2, 3
Suppose 11*u = -5*u + 12*u. Suppose u = 11*x - x - 440. List the prime factors of x.
2, 11
Let h(c) = c**2 + 56 - 31 - 38 + 9*c. Let l be h(7). Suppose 0 = 4*g + s - 143, -5*s + 3*s = -3*g + l. What are the prime factors of g?
5, 7
Let y(d) = -433*d + 4154. List the prime factors of y(-11).
37, 241
Suppose 2*w = w + 4*s + 10, 0 = 4*s. List the prime factors of ((-336)/w)/((-1)/5).
2, 3, 7
Suppose 0 = 3*t - 81 - 15. Let a = 35 - t. What are the prime factors of 3/2*98/a?
7
Let o be 7*3*(-11)/33*3. Let p(n) = -2*n**3 - 39*n**2 + 8*n + 8. List the prime factors of p(o).
1163
List the prime factors of ((-98)/28)/7*(-28119 + 1).
17, 827
Let v(u) = -7 - u - 38 - 4. Let k be v(21). Let j = k - -77. List the prime factors of j.
7
Let o = -1266 - -1933. Let n = -458 + o. Suppose -3*j - 2*p = -n, -3*p - 19 = -4*j + 254. What are the prime factors of j?
3, 23
Let f be 6/((75/(-20))/(-5)). Let u be (2/f - (-126)/72) + -5. Let o(z) = -26*z - 9. List the prime factors of o(u).
3, 23
Suppose -146*s = -152*s + 8874. What are the prime factors of s?
3, 17, 29
Suppose 3*i - 40144 = -53*i - 48*i. What are the prime factors of i?
2, 193
Suppose -26067 = -55*p + 63583. What are the prime factors of p?
2, 5, 163
Let d = -48480 - -108063. List the prime factors of d.
3, 19861
Let n = -518 + 542. Suppose -n*o + 25569 = 3*o. List the prime factors of o.
947
Let c be 12 - (6/(-1) - -13). Suppose 0*j - j + 3*k + 383 = 0, 0 = -c*j - k + 1851. List the prime factors of j.
7, 53
Let g be (114/(-4))/(27/(-72)). Suppose 4 = g*k - 75*k. Suppose 4*a + k*s - 540 = 0, -2*a + 5*s + 0*s + 235 = 0. List the prime factors of a.
2, 5, 13
List the prime factors of ((-71620)/(-9))/(30/45) + (-2)/(-6).
3, 23, 173
Let u(i) = 6*i**2 + 2*i - 1. Let y be u(1). Let k be 276 - (-5 + -3 + y). Suppose -k = -12*j + 2507. List the prime factors of j.
2, 29
Suppose 34*x = 2*x - 46720. Let k = 2856 + x. What are the prime factors of k?
2, 349
Let n(g) = 7*g**3 - 9*g**2 - 6*g + 27. Let z(y) = 4*y**3 - 5*y**2 - 3*y + 13. Let q(d) = 3*n(d) - 5*z(d). What are the prime factors of q(7)?
2, 3, 5
Let g(z) = 1243*z**2 - 89*z - 170. List the prime factors of g(-2).
2, 3, 5, 83
Let c be ((-19)/(-38))/((-1)/12). Let i(v) = 2*v**2 + 10*v - 8. Let u be i(c). Suppose n + u*n - 365 = 0. What are the prime factors of n?
73
Let j = -6358 - -9111. Suppose 6*s = -j + 8465. List the prime factors of s.
2, 7, 17
Let z(a) = -26*a + 47. Suppose 0 = -0*j - 2*j - 130. Let s = j - -56. What are the prime factors of z(s)?
281
Let q = 20352 - -39841. List the prime factors of q.
7, 8599
Suppose 11*x + 15 = 12*x. Let n = -20 + x. List the prime factors of 39 - ((1 - -3) + n).
2, 5
Let w(r) = 88*r**2 - 5*r - 9. Suppose 0 = 4*v - 6 + 18. What are the prime factors of w(v)?
2, 3, 7, 19
Let y = 81 + -185. Let z = 269 - y. List the prime factors of z.
373
Suppose 5*s - u - 2776 = 3*s, 0 = -3*s + 2*u + 4165. Let c = -802 + s. List the prime factors of c.
3, 5, 13
Suppose -s + 3*n = -6132, 2*n = 221*s - 223*s + 12216. What are the prime factors of s?
2, 3, 1019
Suppose -3*u - 12 = -5*u. Suppose 34 = u*k - 5*k. What are the prime factors of 36/24*k/3?
17
Suppose -3*j - 345 = -5*c, -6*j = -2*j + 2*c + 486. Let k = 546 + j. What are the prime factors of k?
2, 3, 71
Let f be (-2)/((-2 + 48/27)*3). Let k be (7/f)/(3/90). Let s = 125 + k. List the prime factors of s.
3, 5, 13
Let m be (-3)/2 - (30/(-4) + 7). What are the prime factors of (-1)/2*m*(-812)/(-2)?
7, 29
Suppose z = -3*f + 16, -5*z + 6*z - 5*f = -24. What are the prime factors of (60/(-4))/5*z + 395?
2, 7
Let d(m) = 1. Let l(o) = 4*o - 28. Let r(p) = -2*d(p) + l(p). Let v be r(6). What are the prime factors of ((-3)/v - 1)/(1/(-102))?
3, 17
Let h be (-2)/(-8) + 1084/16. Let r = 210 + h. List the prime factors of r.
2, 139
Let y(x) = 4*x**3 - 56*x**2 + 42*x - 739. List the prime factors of y(27).
38303
Let t = -80 - 42. Let n = t - 13. Let k = n + 269. List the prime factors of k.
2, 67
Let j = 342 - 293. Let m = j - -115. List the prime factors of m.
2, 41
Let h(k) be the second derivative of 4/3*k**3 + 12*k - 1/12*k**4 + 0 + 6*k**2. What are the prime factors of h(8)?
2, 3
Suppose -7*t + 6*t = -15. Suppose u + 1 = 2*u + 5*f, 2*u - 3*f = t. Suppose 453 + 141 = u*v. List the prime factors of v.
3, 11
Let q(z) = z**2 + z + 139. Let a(t) = t**3 - 2*t**2 - 9. Suppose 0 = 4*s - l + 5 - 16, -s - 4*l = -7. Let d be a(s). What are the prime factors of q(d)?
139
Let z be 161*11/((-88)/(-32)). Suppose -s + z + 104 = 0. What are the prime factors of s?
2, 11, 17
Let q(b) be the third derivative of -7*b**4/6 + 7*b**3/2 + 57*b**2. What are the pri